 310. What are the prime factors of t(-6)?
2, 1327
Let s = -1499 + 3473. List the prime factors of s.
2, 3, 7, 47
Suppose 0 = 206*w - 5458943 - 1075995. List the prime factors of w.
31723
Let t = -154 + 157. Suppose -t*f + 217 = -713. What are the prime factors of f?
2, 5, 31
Suppose h = -2, 6812 = 3*p - 3*h + 5*h. Let q be (-3 + 6)/((12/p)/1). Suppose -13*m + 992 = -q. What are the prime factors of m?
2, 3, 5
Suppose -3*b = g - 85, 4*g - g + 64 = 2*b. Suppose 1 = 2*v - v, 2*v = -5*n + 22. Let t = b - n. What are the prime factors of t?
5
Let r(v) = -v**2 + 22*v - 41. Suppose 4*u + 63 = 3*x, x + 2*x = u + 63. Let z be r(x). Let c = 128 + z. What are the prime factors of c?
2, 3
Suppose 6*o = 18 - 0. Suppose -o*n - 50 = -2*w - 8*n, 52 = 2*w + 4*n. Suppose 0 = -14*s + 17*s - w. What are the prime factors of s?
2, 5
Let r(y) = 199*y**2 - 50*y + 427. List the prime factors of r(14).
7, 11, 503
Suppose -x = 156 - 156. Let w be (3 + 1)*1 + -1. Suppose -b + w*s + 82 = x, 5*b + s - 199 = 3*b. What are the prime factors of b?
97
Suppose 155*o - 3256164 = -147*o. What are the prime factors of o?
2, 3, 599
List the prime factors of (-48)/104 - ((-1930704)/104 - 8).
2, 4643
Let g be -27 - ((0 - -2) + 1). Let p = -46 - g. Let y = p - -67. What are the prime factors of y?
3, 17
Let q = 2063 + -2044. What are the prime factors of q?
19
Suppose 3 = -o, -4*h + o = -0*o - 6807. Suppose 3*f = l + 2*l + 1281, 0 = 4*f + 3*l - h. What are the prime factors of f?
2, 3, 71
Suppose -2130 = 5*p + d, 2*p = -3*p + 5*d - 2100. Let v = p + 727. List the prime factors of v.
2, 151
Let j(p) = -15*p**3 + 2*p - 1. Suppose 24 = -2*s + s. Let l be 12/s + (-3)/2. What are the prime factors of j(l)?
5, 23
Suppose 24*i + 592350 = 45*i + 34*i. What are the prime factors of i?
2, 3, 5, 359
Let r(o) = -14*o + 222. Suppose -3 = 3*h - 3*k, -k - 3*k = -2*h - 4. List the prime factors of r(h).
2, 3, 37
Let z(p) = 138*p**2 + 30*p + 69. What are the prime factors of z(-2)?
3, 11, 17
Let b(j) = -130*j**3 + 33*j**2 + 203*j + 55. What are the prime factors of b(-8)?
67103
Suppose -5*c + 2*j = 4*j - 1255, -5*j - 224 = -c. Let f = 262 - c. List the prime factors of f.
13
Suppose -1802035 = -90*x + 2777975. What are the prime factors of x?
3, 16963
Let z(k) = 15*k - 20. Let w be z(-1). Let u = w - -213. What are the prime factors of u?
2, 89
Let z(l) = 3*l**2 + 119*l - 80. What are the prime factors of z(39)?
2, 2281
Suppose 2*c + d = 3119, 3*c + 76*d - 4685 = 81*d. What are the prime factors of c?
2, 3, 5, 13
Let r(v) = v**3 - 6*v**2 - 4*v + 9. Let z be r(7). Suppose 55 - z = 5*i. Suppose -3*d - d = -12, -c - 13 = -i*d. What are the prime factors of c?
2
Suppose d - 3*a + 6 = 0, -53 + 9 = 5*d - a. Let j be (-2 + d + 1)/((-1)/(-1)). List the prime factors of 8/((-40)/(-539)) + (-2)/j.
2, 3
Let a(y) = 73*y**2 - 47*y + 262. What are the prime factors of a(11)?
2, 4289
Let b be -9 + 8 - (-1 + 2*-1). Suppose s - 5*c = -24, b*s + s + 2*c + 4 = 0. Let a(k) = 7*k**2 + 3. List the prime factors of a(s).
5, 23
List the prime factors of -3 + (-60)/(-5) - (15 + -19407).
3, 29, 223
Let a(h) = -8*h**2 - 2*h. Let v be a(-2). Let k = -3261 - -3317. Let g = k - v. What are the prime factors of g?
2, 3, 7
Let l = -43 + 28. What are the prime factors of (0 - 36/l)/(32/400)?
2, 3, 5
Let o = 12931 + -7721. Suppose 4*q = -4*n + 6*n - 2084, 5*n = 5*q + o. What are the prime factors of n?
2, 521
Suppose 12*c = 19 - 43. List the prime factors of (-3)/c*3*5796/27.
2, 3, 7, 23
Let r(w) = w**3 + 31*w**2 - 14*w + 30. List the prime factors of r(-17).
2, 3, 719
Let o = -4601 - -10798. List the prime factors of o.
6197
Let w(m) = -23*m**3 + 12*m**2 + 32*m - 21. What are the prime factors of w(-8)?
3, 29, 47
Suppose -5*f = 5*y - 15310, -123*y = -122*y - 4*f - 3047. What are the prime factors of y?
7, 19, 23
Let h(d) = -1095*d - 4101. What are the prime factors of h(-58)?
3, 7, 23, 41
Let v = 39 + -9. Let g = -1876 - -1886. What are the prime factors of (-9)/(675/g) - (-2194)/v?
73
Let g be -4*(-1)/1 + -8. Let y be (-24)/(-18)*1/g*-6. What are the prime factors of (-5)/y*(-1962)/45?
109
Suppose 0 = -4*j - 3*j + 56. Suppose 0 = 4*g - j - 8. Suppose -356 = -0*z - g*z. List the prime factors of z.
89
Let d = -28 - -34. Suppose -d*l + 12*l = 18. Suppose -100 = l*w - 376. List the prime factors of w.
2, 23
Let r(s) = s**3 - 41*s**2 + 2*s - 412. List the prime factors of r(44).
2, 3, 457
Suppose 0 = -2*c, 3*i = -3*c - 0*c. Suppose -543 = -i*t - 3*t. List the prime factors of t.
181
Let m(y) be the second derivative of -y**4/12 - y**3/3 - 6*y**2 - 10*y. Let v be m(0). Let h(w) = -7*w + 27. What are the prime factors of h(v)?
3, 37
Let z be 0/(-2*(-3)/(-3)). Suppose -4*g + 331 + 853 = z. Suppose 0 = 3*m - 2*u - g, -2*m - 4*u = u - 172. What are the prime factors of m?
2, 3
Suppose 12560 = -5*j + 63960. What are the prime factors of j?
2, 5, 257
Let h = 5927 - 3905. What are the prime factors of h?
2, 3, 337
Suppose -87 - 30 = -9*z. Suppose z*m - 1805 = -609. Let j = -59 + m. List the prime factors of j.
3, 11
Let x = 81 - 864. Let g = 1376 + x. What are the prime factors of g?
593
Suppose -67 - 38 = -b - g, 537 = 5*b + g. Suppose 0 = -5*y + 3*t + 838, -y = 2*y - 3*t - 498. Let l = y - b. List the prime factors of l.
2, 31
Suppose 10*y = 16*y - 12. Suppose y*h - 4*t + 20 = 0, -14 - 2 = -4*t. What are the prime factors of h + 5/2 - (-635)/10?
2
Suppose 19*g + 3*s = 21*g, -3*g = -4*s + 1. What are the prime factors of 30/(-45) + -1 + (-149)/g?
2, 3
Suppose g - 2*c = -17, 5*c = -4*g - 16 - 0. Let b(w) = -23*w + 12. What are the prime factors of b(g)?
3, 73
Let b(r) = 9474*r + 993. List the prime factors of b(5).
3, 7, 47
Suppose 0 = 5*c - 2*d - 25 - 10, -3*d = c + 10. Suppose -i + 18 = c*i. Suppose 0 = -i*t - 9, -t = 3*m - 4*m + 173. List the prime factors of m.
2, 5, 17
Let p = -104 + 324. Suppose 0 = -2*b + 3*r + p, 0 = b + 2*b - 4*r - 329. List the prime factors of b.
107
Let x(d) = -33*d**3 + 3*d**2 + d + 1. Let j be x(-2). Suppose -93 = -4*t + j. What are the prime factors of t?
2, 23
Let d be (-2)/4*(9 + -8)*-4. Suppose 24 = 2*i - 7*n + 3*n, 0 = -i - 4*n - 18. Suppose -80 = -2*p - 4*r, i*p + 0*p - 68 = d*r. What are the prime factors of p?
2, 3
Let z(m) = -m**3 + 8*m**2 - 5*m + 4. Let f be z(3). Let j = -29 + f. Suppose 0 = 2*p + 5 - 1, j*s - 4*p = 373. What are the prime factors of s?
73
Suppose 83*f - 84*f + 4*b + 26143 = 0, 3*b + 130800 = 5*f. What are the prime factors of f?
3, 17, 19
Suppose 0 = -5*s + 5*j + 1090, 8*s + 3*j + 876 = 12*s. What are the prime factors of (s/(-15))/(0 - 3/15)?
2, 37
Suppose 2*p + 8732 + 7452 = 2*y, 0 = 3*y + 4*p - 24283. What are the prime factors of y?
8093
Let j(g) = -476*g**3 + g**2 + 3*g - 2. Let x be j(1). Suppose 2*a + 2 = 0, -4*h - a - 1325 = -0*h. Let u = h - x. List the prime factors of u.
11, 13
Let h(u) = 2*u + 7. Let f be h(-8). Let x be (-2)/6 + (-30)/f. Suppose -97 = -x*c - k, 6*k + 112 = 3*c + 4*k. List the prime factors of c.
2, 17
Let g = 66813 + -41578. Suppose 28*x + 7*x = g. What are the prime factors of x?
7, 103
Let u(y) = 5*y**2 + 8*y + 9. Let p be u(9). Let g = 841 - p. List the prime factors of g.
5, 71
Let z(s) = -5*s - 15. Let q be z(-3). Suppose -6*u = -q*u - 2076. What are the prime factors of u?
2, 173
Let v be (-10)/(3 + 52/(-20)). Let j = v + 54. List the prime factors of j.
29
Let y = -1091 + 3553. List the prime factors of y.
2, 1231
Suppose -4 = -l - 2*s, -2*s = -5*l + 3*l - 16. What are the prime factors of ((-33)/(-15) + -3)/(l/2820)?
2, 3, 47
Let l(s) = -s**3 + 3*s**2 + 4*s - 9. Let h be l(3). Suppose -r - h*r + 3*j + 2396 = 0, 2984 = 5*r - j. List the prime factors of r.
2, 149
Let v = -6 + 7. Let n be (2/((-8)/18))/((-18)/36). What are the prime factors of v*(-3)/n*-393?
131
Let i(h) = h**3 + 7*h**2 - 4*h + 11. Let r be i(-8). What are the prime factors of r/(-35) + (-1410)/(-25)?
3, 19
Suppose -8 = -15*p - 38. Let r(w) = 100*w**2 + 9*w + 17. List the prime factors of r(p).
3, 7, 19
Let q be (-3 - (-5 + 3)) + (3 - -3). Suppose 15*j = q*j + 4800. What are the prime factors of j?
2, 3, 5
List the prime factors of 865600/64 + 20/(-4).
2, 5, 13
Let f(d) = 646*d + 2385. What are the prime factors of f(38)?
23, 1171
Let j be (5/2)/((-2)/4). Let o(k) = 2*k**2 - 7